, what is 131 - 632?
-501
In base 9, what is -1053 + 1042?
-11
In base 13, what is -17 - -1854?
183a
In base 16, what is 3 - -4cc?
4cf
In base 16, what is -3 - -7c3c?
7c39
In base 6, what is -52253 - -5?
-52244
In base 11, what is 187 + a094?
a270
In base 16, what is -9 + -22513?
-2251c
In base 10, what is 4 - -1709839?
1709843
In base 16, what is -d3c41 - 0?
-d3c41
In base 10, what is -4651 - 24?
-4675
In base 2, what is 10 + 1011101101101111110?
1011101101110000000
In base 2, what is 10 - 11010010000110111?
-11010010000110101
In base 2, what is 100000111101 + -1000001011?
11000110010
In base 7, what is 413650 + 5?
413655
In base 10, what is -58 - 6856?
-6914
In base 9, what is 6837 - 23?
6814
In base 13, what is 17 + 2425a?
24274
In base 8, what is 5 - 1677277?
-1677272
In base 10, what is 560535 - -4?
560539
In base 10, what is 6 + 50773?
50779
In base 11, what is -4 - -3456a3?
34569a
In base 7, what is 15 - -311035?
311053
In base 6, what is -334503 - 14?
-334521
In base 4, what is 10101 + 10013003?
10023110
In base 6, what is 20525 - -1141?
22110
In base 14, what is -53b11 + -6?
-53b17
In base 13, what is -1502c + 0?
-1502c
In base 7, what is -1 + -312641?
-312642
In base 5, what is -1432443 - -12?
-1432431
In base 8, what is 21213 - 4?
21207
In base 16, what is 3 + -44cba?
-44cb7
In base 15, what is 915 + 8b6?
12cb
In base 16, what is -b8 + 1293?
11db
In base 7, what is 40313 + -25?
40255
In base 4, what is 2020 - -1031?
3111
In base 11, what is -11a5 + -736?
-1930
In base 10, what is 14742 - -2?
14744
In base 8, what is 751 + 12134?
13105
In base 11, what is 174949 - 0?
174949
In base 3, what is -10222 - 22102200?
-22120122
In base 14, what is 3642 - -7?
3649
In base 3, what is 11212121220 + 101?
11212122021
In base 2, what is -11011000111010110 - -1111?
-11011000111000111
In base 9, what is -2105 + 238?
-1756
In base 16, what is -199 + 43?
-156
In base 10, what is 0 - -107340?
107340
In base 4, what is -10 - 32120?
-32130
In base 13, what is -1 - -106?
105
In base 13, what is 28484 - 2?
28482
In base 10, what is -111 + 432?
321
In base 16, what is 3e + 1d1?
20f
In base 4, what is -131 - -212?
21
In base 10, what is 1 + -489682?
-489681
In base 11, what is 92647 + 12?
92659
In base 2, what is -111110000001100101 + 1?
-111110000001100100
In base 15, what is 88 + b0a?
b93
In base 12, what is 18588 - 1?
18587
In base 14, what is 104 - -15?
119
In base 3, what is 1112112111 + -10?
1112112101
In base 4, what is -31 + 31011?
30320
In base 7, what is 25 + 2203506?
2203534
In base 4, what is 1 + 200222?
200223
In base 3, what is 1 - 22000012?
-22000011
In base 2, what is -10 - -1000110111?
1000110101
In base 11, what is -1475 - 2a8?
-1772
In base 5, what is 3421130340 - -1?
3421130341
In base 12, what is -67ab70 + -5?
-67ab75
In base 11, what is -51136 + 5?
-51131
In base 5, what is -103212342 - 1?
-103212343
In base 3, what is 1 - -101100211002?
101100211010
In base 4, what is -1010 + -33212?
-100222
In base 14, what is -2ac07 - 1?
-2ac08
In base 12, what is -1 + 251?
250
In base 15, what is 4 + 7552?
7556
In base 10, what is -5 + -212998?
-213003
In base 7, what is -205643 + -13?
-205656
In base 3, what is 1211 - -2122110?
2201021
In base 11, what is 8 - -53889?
53896
In base 4, what is 3 + 1133130?
1133133
In base 8, what is -553 - -3547?
2774
In base 12, what is 11 + -53a2?
-5391
In base 15, what is -359 - -68?
-2e1
In base 12, what is 2 + -4337b?
-43379
In base 7, what is -44342 - -26?
-44313
In base 5, what is -1200414 - 2043?
-1203012
In base 3, what is -1 - 1000111111?
-1000111112
In base 15, what is -8 - a234?
-a23c
In base 5, what is 12334 - -12413?
30302
In base 3, what is -21 + 112022121?
112022100
In base 14, what is -115156 + -5?
-11515b
In base 4, what is 103 - 13?
30
In base 2, what is -100101111011000001000 + 11?
-100101111011000000101
In base 5, what is 10 + -4410104?
-4410044
In base 5, what is -11242120 + -10?
-11242130
In base 16, what is -4f8 - 13e?
-636
In base 10, what is 2 - -2836?
2838
In base 13, what is 0 - -107a?
107a
In base 5, what is -3 - -212331?
212323
In base 15, what is -11e3 - 46?
-1239
In base 6, what is -33 - -110112?
110035
In base 8, what is -200270 - -1?
-200267
In base 16, what is 3 + bbd?
bc0
In base 11, what is 3 + -60a634?
-60a631
In base 10, what is -68 + -665?
-733
In base 6, what is -135214 - -12?
-135202
In base 15, what is 15 + -1629?
-1614
In base 15, what is 5 + -313b?
-3136
In base 12, what is -40b302 - 4?
-40b306
In base 12, what is 2235 + 4a?
2283
In base 2, what is 10100111100 + 110?
10101000010
In base 12, what is 1b - 4b23?
-4b04
In base 4, what is -2022 - -31102023?
31100001
In base 8, what is 167 - -1034?
1223
In base 16, what is 1b + -39bf?
-39a4
In base 15, what is 5 - -3b64e?
3b654
In base 12, what is 3 - -3873?
3876
In base 15, what is -50 - 2ccc?
-2d2c
In base 9, what is 4 + -1768?
-1764
In base 4, what is 10 + -112132232?
-112132222
In base 7, what is -22530 - -4?
-22523
In base 11, what is 3 + -29906?
-29903
In base 2, what is 10100100110111011 - 110?
10100100110110101
In base 15, what is -ec - 257c?
-2679
In base 11, what is 8 - -950?
958
In base 12, what is 32210 + -32?
3219a
In base 7, what is -10 - -4436?
4426
In base 15, what is 7 + 4cde?
4ce6
In base 3, what is 2112 + -10220011?
-10210122
In base 10, what is -25 - 18101?
-18126
In base 12, what is -4 - -24a6?
24a2
In base 16, what is -257 - -245?
-12
In base 8, what is -627 + -77?
-726
In base 11, what is -28 - -929?
901
In base 7, what is -1410 - -11036?
6326
In base 15, what is 113897 + -2?
113895
In base 14, what is 0 + -9141c?
-9141c
In base 6, what is -213143224 - -3?
-213143221
In base 7, what is -351545 - 2?
-351550
In base 5, what is 140 - 1244422?
-1244232
In base 7, what is -156163 + 4?
-156156
In base 13, what is -248 + -18?
-263
In base 10, what is -621 + -34?
-655
In base 8, what is 2 - -10514?
10516
In base 6, what is 5 - 5005?
-5000
In base 5, what is -4 + -41413?
-41422
In base 5, what is 3 + -111211?
-111203
In base 4, what is -10033 - 2202?
-12301
In base 12, what is -2 + 6444?
6442
In base 2, what is -100011101101111 + -100?
-100011101110011
In base 6, what is -1 - 2103020?
-2103021
In base 9, what is 18271 + -7?
18263
In base 4, what is 321301303 + -33?
321301210
In base 3, what is -1001 + 120112?
112111
In base 10, what is 39616 - -1?
39617
In base 12, what is -174a55 + -2?
-174a57
In base 6, what is -53 - 5352?
-5445
In base 12, what is 1877 - 317?
1560
In base 9, what is -5 + -15780?
-15785
In base 5, what is -1003223 + 340?
-1002333
In base 14, what is -3 + 3a28b?
3a288
In base 15, what is -17 - -35b?
344
In base 16, what is -48 - -11f33?
11eeb
In base 9, what is 10554 - 38?
10515
In base 2, what is -10011 + 10010011011110010?
10010011011011111
In base 8, what is -2417026 - -2?
-2417024
In base 13, what is 5 - 11c2?
-11ba
In base 11, what is -30 - 1a38?
-1a68
In base 5, what is -1403 - 3444?
-10402
In base 14, what is 1105 + -16?
10cd
In base 13, what is -41c1 - 36?
-4227
In base 2, what is -11101011 + 10001010?
-1100001
In base 14, what is 3 - 57cd?
-57ca
In base 6, what is 511152 + 4?
511200
In base 6, what is -20105 + 554?
-15111
In base 12, what is 811a + 143?
8261
In base 9, what is -551358 + -4?
-551363
In base 5, what is -10101 + 132?
-4414
In base 16, what is -3 + -29ae3?
-29ae6
In base 4, what is -2 - -113111211?
113111203
In base 7, what is 524 - -62?
616
In base 9, what is 41 + 331?
372
In base 2, what is 0 - 110000010010000011?
-110000010010000011
In base 13, what is 5 - 213c62?
-213c5a
In base 12, what is -5 + 38ba35?
38ba30
In base 10, what is -243971 + 2?
-243969
In base 13, what is 3c - -22a3a?
22a79
In base 6, what is -441 + 2105?
1224
In base 8, what is -7 - -62507?
62500
In base 15, what is 2745 + 9?
274e
In base 10, what is 17 - -14491?
14508
In base 14, what is 1 - -c214?
c215
In base 8, what is 14 + 436?
452
In base 5, what is 10 - 331234?
-331224
In base 15, what is -2c4 + 73?
-251
In base 15, what is -a - -1669e?
16694
In base 8, what is -350640 - -12?
-350626
In base 9, what is -3 - -618243?
618240
In base 2, what is -100111010000000111 + -1?
-100111010000001000
In base 15, what is -98 + b5?
1c
In base 2, what is 1101100 + 10110100001?
11000001101
In base 3, what is -1